
Let g be (-56)/6*(-240)/140. What is the greatest common divisor of 112 and g?
16
Let c = 44 + -40. Suppose 5*n = z + c*z + 85, -4*z + 3*n = 71. Let f = 24 + z. Calculate the highest common factor of f and 1.
1
Let f be (-165)/(-2) + 4/12 + (-34)/12. What is the highest common factor of f and 3280?
80
Let u = -38 - -42. Suppose u*q = -0*q + 8. Let a be (3/(-6)*-1)/(q/192). Calculate the highest common factor of 240 and a.
48
Let f = -306 - -309. Suppose 180 = f*k - 5*o, -2*k + 17*o - 16*o + 113 = 0. What is the greatest common divisor of 15 and k?
5
Suppose -1116 = -3*b + 3*m, -784 = -16*b + 14*b - 3*m. What is the highest common factor of 7030 and b?
190
Let r(m) = -m**3 + 14*m**2 - 36*m + 22. Let v = -116 + 126. Let z be r(v). What is the highest common factor of 2 and z?
2
Let b(w) = w - 2*w + 13*w**2 + 3 - 1. Let q be b(-2). Suppose 5958*m - 70 = 5953*m. What is the highest common divisor of q and m?
14
Let z(b) = -144 + 378 + 2*b**2 + 3*b - 169. Let y be z(-9). What is the greatest common factor of y and 40?
40
Let w(j) = 11*j + 115. Let u be w(-10). Suppose l - 2 = -2*p, 3*p - 5 + 15 = u*l. Calculate the greatest common factor of 18 and l.
2
Let i = 78 - -15. Let b = -70 - -150. Let z = i - b. What is the greatest common divisor of 208 and z?
13
Suppose -4*i = -2*t - 2720, -21*i + 670 = -20*i - 3*t. What is the greatest common factor of 279 and i?
31
Let z(x) = -104*x. Let l be z(-2). Let k be (-32)/(-120)*-10*((-2)/(-12))/(40/(-2340)). What is the highest common factor of k and l?
26
Let t = 407 + -387. Suppose -138*z + t = -136*z. What is the highest common divisor of 170 and z?
10
Suppose 502*y - 255*y = 260*y - 806. What is the greatest common divisor of y and 806?
62
Let q = -30 - -35. Let x(d) = -d**3 + 7*d**2 - 6*d - 4. Let b be x(q). Let p be b + 0/(-2 + -1). Calculate the highest common factor of 80 and p.
16
Let a = 83 - 33. Let i be (-22 - -7)/(3/(-17)). Let h = 105 - i. What is the highest common divisor of h and a?
10
Suppose 1482023 = 62*z - 2126411 + 640370. What is the highest common divisor of 22 and z?
22
Let i be ((-2)/(-4))/(3/6). Let a be 9/(-3) - (3 + 19 - i). Let b be (a/9)/(8/(-12)). What is the highest common factor of 12 and b?
4
Suppose 8090 + 8570 = 98*z. Calculate the highest common factor of 2006 and z.
34
Suppose -49*y + 6156 = y + 7*y. What is the highest common factor of y and 2349?
27
Suppose 4*p - 5*i - 619 = 0, 3*p - 3*i + 102 = 564. Let m = p + -93. Calculate the highest common factor of 4 and m.
2
Suppose -2*d = -13*a + 598, d - 262 = a - 308. Suppose 0*r = -2*r + 46. What is the highest common divisor of a and r?
23
Let b be 8 - (-8)/(7 - -1). Let d be 204/b + (-9)/(54/4). What is the highest common factor of 594 and d?
22
Suppose -7*v + 22 = -9 - 11. Suppose -3*y + 11 = -w, -2*w - 7 = -y - 2*y. Suppose b = -w*b + 210. What is the greatest common divisor of v and b?
6
Let p(c) = c**3 - 15*c**2 + 18*c - 26. Let z be p(14). Let j = 55 - z. Let r be -52*((-8)/(-40))/((-4)/j). Calculate the greatest common factor of r and 26.
13
Let n = 6764 + -6650. What is the highest common factor of 2223 and n?
57
Let d be (-72)/((-4)/20*2). Let w = d + -435. Let k be (1/(-5))/(34/w)*114. Calculate the highest common factor of 19 and k.
19
Let u(c) = -21*c + 547. Let z be u(-29). Calculate the greatest common factor of z and 68.
68
Suppose -36*m - 3*m - 156 = 0. Let y be ((-15)/m)/(24/800). Calculate the greatest common factor of 50 and y.
25
Suppose 37 - 32 = 5*f. Let x be 988/(-12)*-3*f. Calculate the highest common factor of 19 and x.
19
Let q(p) = 50*p + 8749. Let g be q(-61). Calculate the greatest common divisor of g and 139.
139
Let y(d) = -d**2 + 8*d + 76. Let i be y(-5). Suppose -u + 32 = i. Calculate the greatest common divisor of u and 49.
7
Suppose -6*b - 216 = -14*b. Let k(f) = -27*f + 3. Let c be k(-4). Let d = c + -3. Calculate the greatest common factor of d and b.
27
Let s be 19 + (-6)/(-7) + (-8)/(-56). Suppose 10 + 44 = 3*a. Suppose -2*v + 3*z = -2, -z - a = -5*v - 0*z. Calculate the greatest common divisor of v and s.
4
Let s(a) = -a**2 + 2*a + 10*a**3 + 0*a - 6 + a**3 + 5. Let d = 152 - 151. Let y be s(d). Calculate the highest common factor of y and 44.
11
Let l(f) = -186*f - 12. Let v be l(-1). Let h = v + -98. What is the highest common divisor of 19 and h?
19
Let o(l) = -112*l - 5844. Let w be o(-54). Calculate the greatest common factor of w and 1258.
34
Let q be ((-164)/1066 - (-12580)/(-26))*1/(-4). Let f be (-8)/(-3)*(-9)/(-4). Suppose 55 = -x + f*x. What is the greatest common divisor of q and x?
11
Suppose -18*k + 1880 = -23*k. Let a = k - -508. Let p(b) = 11*b**2 - 2*b - 1. Let q be p(-1). What is the highest common divisor of q and a?
12
Let g(o) = -4*o**3 - 4*o**2 + 3*o. Let p be g(-4). Suppose 0 = 2*u - 3*z - 19, -28 = -2*z - 14. What is the highest common divisor of p and u?
20
Let o be ((-45)/12)/(((-15)/(-4))/(-5)). Suppose s = 4*u - 896, 0*u - o*s = 5*u - 1145. What is the greatest common factor of 25 and u?
25
Suppose 2*z + 447 + 89 = 0. Let h = 488 + z. Calculate the greatest common divisor of 55 and h.
55
Suppose 222*z = 215*z + 14. Let o be 18*20*z/16 + 0. Calculate the greatest common factor of 99 and o.
9
Let w = 574 - 569. Let b = 10 - 7. Suppose b*k - 48 = -n + 3*n, 3*n = -k + w. Calculate the greatest common divisor of k and 28.
14
Suppose 11 = -2*f - 3*k + 60, 5*f = 2*k + 132. Suppose f*o + 7*o - 792 = 0. Calculate the highest common factor of o and 264.
24
Suppose -u + 14 = -2*f, 3 = 3*u + 5*f + 16. Suppose -188 + 128 = -u*q. What is the greatest common divisor of q and 465?
15
Suppose 2*q + 0*t - 3*t - 408 = 0, 4*q - 5*t - 812 = 0. What is the greatest common divisor of q and 6798?
66
Suppose 2*o - 3*z - 123 + 113 = 0, -2 = -z. Let m = 47 + -77. Let i be (o/10)/((-1)/m). What is the highest common divisor of i and 6?
6
Suppose -w + 1 - 15 = 0. Let i = w - -40. Suppose p - 223 = -0*p + 5*u, 5*p - 5*u - 1055 = 0. What is the highest common divisor of i and p?
26
Suppose 0 = p - 24*s + 26*s - 264, 2*p - 508 = s. Calculate the highest common divisor of 160 and p.
32
Suppose -200 = -34*m + 26*m. Suppose 0 = -2*u + m + 9. What is the highest common factor of 119 and u?
17
Let p = 34 - 31. Suppose -p*x = 4*d - 610, 3*d - 3*x - 160 = 2*d. Let t be 201/9 - 3/9. Calculate the highest common factor of t and d.
22
Suppose 112*s + 388 = s + 1165. Suppose 0 = o + 2*o - 9. What is the highest common factor of s and o?
1
Let g = -74 + 78. Suppose -37 = g*q - 101. What is the highest common factor of q and 32?
16
Let w(p) = -63*p + 2859. Let h be w(44). What is the greatest common factor of h and 1479?
87
Let m(x) = x**3 + 77*x**2 + 151*x + 204. Let d be m(-75). Let b be (-2)/(-6)*(2 - -127). What is the highest common divisor of d and b?
43
Suppose 3*s = 9, -2*s - 3*s = -3*h + 75. Let j = h - 30. Suppose -o + 5*o - 96 = j. Calculate the highest common divisor of o and 216.
24
Let j be (-10 - -1)/(-5 - -4). Let n be (-9*2/(-15))/((-30)/(-150)). Calculate the highest common divisor of j and n.
3
Let s = -344 - -456. What is the highest common divisor of s and 259?
7
Let l(f) = 3*f**2 - 1450*f + 15827. Let y be l(11). Let h = -86 + 166. Calculate the greatest common factor of y and h.
80
Suppose 6*x - 16*x = 1440. Let y = 168 + x. What is the highest common factor of y and 40?
8
Let f = 1344 - 952. What is the greatest common factor of f and 1064?
56
Suppose 32*z = 31*z + 2. Suppose 35 = 2*s - z*r - 131, -r = 4*s - 347. Calculate the greatest common factor of 774 and s.
86
Suppose 5*v = 3*u - 201, 98 = -5*u - 3*v + 365. What is the highest common divisor of u and 42?
3
Suppose 3*x + 1856 = 2*x + 9*x. Calculate the highest common divisor of x and 870.
58
Let k(v) = -4*v**3 - 7*v**2 + 34*v + 160. Let s be k(-5). Suppose 3*q - 117 = -4*m, 0 = -4*q - 0*m + 2*m + 134. Calculate the highest common divisor of s and q.
35
Let t(d) = -d**3 - 45*d**2 - 30*d + 698. Let n be t(-44). What is the highest common factor of 4510 and n?
82
Let r be 111*70/30 + 5. What is the greatest common divisor of r and 2024?
88
Let b = -91 - -142. Calculate the highest common factor of 408 and b.
51
Let u be 3/((-6)/(-26))*8. Let c = 99 + -17. Let d = 108 - c. Calculate the greatest common factor of u and d.